mine b(n).
15
Let j(c) be the first derivative of c**2/2 + 5*c - 1. Let w = -100 + 108. Suppose w*z = 80 - 40. Calculate j(z).
10
Suppose s = 3*k + 263, -2*k - 759 = -3*s + k. Let y be 54/8 - 434/s. Let q(j) = j**2 - 11*j + 8. Calculate q(y).
-22
Let b(a) be the third derivative of -a**6/120 - a**5/12 - a**4/6 - 8*a**3/3 + 23*a**2 - a. Give b(-5).
4
Let j(t) = -10*t**2 + 8*t - 21. Let d(u) = 23*u**2 - 16*u + 43. Let w(y) = -3*d(y) - 7*j(y). Give w(6).
6
Let a be 5/(-10 + 0)*-6. Suppose -8*w + 9*w = -k + 4, -28 = a*k - 5*w. Let p(i) = 9*i - 2. What is p(k)?
-11
Let m(b) = 3*b**2 - 135*b + 17. Let k be m(45). Let v be ((-36)/(-20) - 1)*(k - 7). Let j(i) = i**3 - 9*i**2 + 10*i + 11. What is j(v)?
27
Let q(y) be the third derivative of -y**4/12 + 35*y**3/6 + 2*y**2 - 1301*y. Calculate q(24).
-13
Let p(i) = -1074*i**2 + 146*i + 181. Let l(j) = -86*j**2 + 12*j + 15. Let x(b) = -25*l(b) + 2*p(b). Give x(5).
-3
Let c(n) = 23*n + 68. Let i(m) = -60*m - 181. Let p(g) = -21*c(g) - 8*i(g). Give p(9).
-7
Let g(a) be the first derivative of -37*a**4/4 - 2*a**3/3 - a**2 - 2*a + 2681. Give g(-1).
35
Let q be -3*(-1 - (-2 - -2)). Suppose -2*i - q*i = 3*i. Let m(z) = 18*z**3 - 8*z**3 - 2 + 3*z - 11*z**3 + 3*z**2 + i*z**2. Calculate m(4).
-6
Let u(g) = -2*g**2 - 7*g - 13. Suppose -157*j = -274*j - 189*j - 1836. Calculate u(j).
-43
Suppose -4*g + 3*g = -9. Let d be -1 + 7/g + (-9918)/(-162). Let c = d + -61. Let j(z) = z**2 - z. Calculate j(c).
0
Let q = 207 + -215. Let k(o) = o**3 + 10*o**2 + 17*o. Let x be k(q). Let a(r) = -r - 7. What is a(x)?
1
Suppose 60 = 13*m - 96. Suppose -4*h + 10*z = 7*z - 12, -4*h = 3*z - m. Let s(r) = -7 + 5*r**2 + 81*r**h + 3 - 82*r**3 - 5*r. Give s(4).
-8
Suppose -4*x - 3*b = 60 + 36, 0 = -x + 4*b - 5. Let t(g) = -g**3 - 20*g**2 + 19*g + 11. Determine t(x).
53
Let n = 10584 - 10583. Let y(a) = a**2 - 4*a**2 + 4*a**3 + 3*a**2. Calculate y(n).
4
Let a = 492 - 485. Let c(n) = 4*n**3 + 10*n - n**3 - 4*n**3 + 2*n**2 + 2*n**2. Let t(i) = -i**2 + i + 1. Let b(y) = -c(y) + 2*t(y). Calculate b(a).
-5
Let h(u) be the second derivative of u**4/4 - 7*u**3 + 2*u**2 - 1580*u. Calculate h(13).
-35
Let w(j) be the second derivative of j**3/3 + 9*j**2/2 + 12*j. Let f be -2*(-4 + (-13)/(-2)). Give w(f).
-1
Let o(m) = 3*m**3 + 6*m**2 + 4*m + 10. Let d(p) = 8*p**3 + 13*p**2 + 9*p + 22. Let j(a) = -2*d(a) + 5*o(a). Let t = -215 - -220. Give j(t).
-9
Let v be (-72)/396 - (40/22)/1. Let d(g) = -3*g**2 + g - 3. What is d(v)?
-17
Let g(j) = 41*j - 14*j - 22*j - 13*j. Suppose -8 = -4*n, -a + n + 4*n - 5 = 0. Suppose 0*h - a = -5*h. Calculate g(h).
-8
Let z(v) be the second derivative of -v**5/20 - v**4 - 17*v**3/6 - 35*v**2 + 9*v - 275. What is z(-11)?
-4
Let z(g) = 14*g**2 + 9*g - 13. Let j(u) = -5*u**2 - 4*u + 6. Let r(c) = -5*j(c) - 2*z(c). Calculate r(2).
-12
Suppose -25 = 5*d, d + 14 = 3*b + 66. Let i(t) = -t**3 - 17*t**2 + 36*t - 42. Determine i(b).
-4
Let m(z) = -2*z. Let f(o) = -4*o. Let c(q) = 2*f(q) - 5*m(q). Let n(t) = -t**3 - 406*t**2 + 3312*t + 3. Let i be n(8). Calculate c(i).
6
Let v(r) be the second derivative of 7*r**3/2 - 54*r**2 + 30*r + 43. Determine v(5).
-3
Let m = 28 - 28. Let w(t) be the second derivative of t**5/60 - 3*t**3/2 + 13*t**2/2 + 17*t. Let x(l) be the first derivative of w(l). Calculate x(m).
-9
Let k(l) = 8*l + 3 - 24944*l**3 - 1 - l**2 - 1 - 3*l + 24943*l**3. Calculate k(-5).
76
Let x be (39 + -6*(-6)/(-24))*10. Suppose 0 = x*k - 384*k + 90. Let g(h) = h**2 - 10*h + 10. Determine g(k).
10
Let o(c) = c**3 - 58*c**2 + 116*c - 221. Suppose 0 = -8*i + 35*i + 397 - 1909. What is o(i)?
3
Let m(a) = -a**2 - 9*a + 19. Suppose -118 = 26*t + 220. Give m(t).
-33
Suppose 0 = 4*r - 2*f + 56, -151*r + 75 = -154*r - 4*f. Let n(b) = b + 19. Determine n(r).
2
Let i = -2642 + 2638. Let m(p) = 6*p + 15. What is m(i)?
-9
Let t(s) = -2*s**2 + 2*s - 3. Suppose -2*l - 6 = -5*r, 5*r - 551*l + 550*l - 8 = 0. Calculate t(r).
-7
Let m = -8 - 22. Let w = 33 + m. Suppose -21 = -3*z + w*y, 3*z - y + 0*y = 17. Let k(c) = -c**3 + 5*c**2 + 6. Give k(z).
6
Let l = -40 - -45. Suppose -j = h + 2, 16 = 2*j - l*h - 15. Let k(y) = -5*y**3 - 2*y**3 + 2 - 5*y**2 + 3*y + 2 + 8*y**j. What is k(4)?
0
Let v(a) = -a**2 - 8*a - 13. Suppose 298 = -b - f + 297, -2*b - 3*f + 1 = 0. Determine v(b).
3
Let o(x) be the third derivative of x**5/60 + x**4/4 - 7*x**3/6 - 2*x**2 + 83. Suppose 4*d - 2 = 54. Suppose 36 - d = -4*g - 2*w, 7 = -g - 2*w. Give o(g).
-12
Let b(t) = 26*t**3 - 4*t - 15*t**3 + 28 - 46 + 19 + 6*t**2 - 10*t**3. Determine b(-5).
46
Suppose 4*s = 5*b - 955, 0 = -3*b + b + 2*s + 380. Let o = -186 + b. Let c(v) = v**2 - 9*v + 2. Calculate c(o).
2
Let r be 9/54*-21*(1 - 11). Suppose r = -8*w + 11. Let g(a) = 3*a + 3. Calculate g(w).
-6
Let f be 1/(-1 - 0)*-6. Let r be 33/(-44)*(-48)/(-18). Let a be 3 - (-2 + r + f). Let t(i) = -i + 1. What is t(a)?
0
Suppose 70346*d - 493 = 70363*d. Let j(o) = -o**3 - 28*o**2 + 34*o + 146. Determine j(d).
1
Suppose -x + 23 = -3*v, -4*x - 10*v = -11*v - 15. Let t(s) = -6*s - 7. Let u(i) = -12*i - 15. Let a(l) = 13*t(l) - 6*u(l). Determine a(x).
-13
Suppose -62 = 3*t + p, -4*t + 2*p = 4*p + 82. Let w(s) = s**3 + 21*s**2 + s + 5. What is w(t)?
-16
Let s be (3 + -4)*4*(-9)/12. Let r(g) = -4*g + 3. Calculate r(s).
-9
Let j(b) be the second derivative of -b**6/720 - 19*b**5/60 + b**4/12 + 32*b**2 + 38*b + 2. Let r(i) be the third derivative of j(i). Calculate r(0).
-38
Suppose 120*r + 18 = 125*r + 2*d, r + 14 = 4*d. Let a(k) = -1 - 1 - 3*k + 5*k - k**2. Calculate a(r).
-2
Let o(q) = -q**3 - q. Let l(j) = j**3 + 5*j. Let i(c) = -l(c) - 2*o(c). Let p(y) = -9*y**3 - 2 + 8*y**3 + 3 + 3*y. Let z(u) = 3*i(u) + 2*p(u). Determine z(2).
4
Let q(g) = 19*g - 230. Suppose -3*a - 29*a = -2*a - 360. Calculate q(a).
-2
Suppose 2 = -3*z + d, z + 4*d + 7 = -2*z. Let b be 4 - (z - 0) - 3. Let m(q) = -2*q**b + 0 - q**3 - 2*q - 6*q**2 + 3 + 3*q**2. Give m(-4).
-5
Let y(g) = -g**3 - 3*g**2 + 5*g - 3. Let r be y(1). Let i(v) = v. Let q(n) = 4*n - 2. Let a(d) = -2*i(d) - q(d). What is a(r)?
14
Let v(x) = 3*x + 4. Let l be (-5 - -20)/(1 - -2). Suppose 3*d - l = 25. Let y = -15 + d. What is v(y)?
-11
Suppose -4*q - 1072 = 2*s - 1094, -2*q = -6. Let m(r) = -r**3 + 7*r**2 - 3*r + 17. What is m(s)?
52
Let d(n) = -n**2 - 9*n + 13. Let l be 5 - 31/6 - (-13)/6. Suppose 5*m + 88 - 328 = 0. Suppose l*j - 5*z + 26 = -2*z, -4*j + 4*z = m. Calculate d(j).
3
Let y(w) = 17*w - 2*w - 7*w - 8758 - 9*w + 8798. Determine y(26).
14
Let d(x) = x**3 - 36*x**2 + 34*x + 38. Let l be d(35). Let b(s) = 4*s + 6 + 0*s - s - l. Give b(4).
15
Let n(y) be the third derivative of 3*y**2 + 0 + 25/6*y**3 + 0*y - 1/12*y**4 + 1/360*y**6 + 7/120*y**5. Let j(z) be the first derivative of n(z). What is j(-7)?
-2
Let f(g) = -8*g**2 + 19*g**2 - 17*g**2 + 35 - 6 + 7*g**2. Give f(5).
54
Let q be 2*21/6 + (-8 - -3). Let r(x) = -23*x + x**2 - q*x**2 - 2 + 33*x. Give r(9).
7
Let b(l) be the first derivative of -l**4/4 + 2*l**3/3 + 3*l**2/2 + 29*l + 138. Let m be b(4). Let g(u) = u**2 - 7*u. Calculate g(m).
18
Let c(l) = -5*l - 4. Let m(s) = 14*s + 11. Let k(g) = 17*c(g) + 6*m(g). Let d = 7258 - 7264. Calculate k(d).
4
Let k = 56 - 55. Suppose 13 = q - 4*z, -q = -5*z - 15 + k. Let b(i) = 7*i + 0*i - 2*i**3 - 5*i**2 - q + 3 + 3*i**3. Calculate b(4).
6
Let t(j) be the first derivative of 9*j**2/2 + 63*j + 4190. What is t(-20)?
-117
Let a(m) be the third derivative of -1/20*m**5 - 5/24*m**4 + 1/120*m**6 - 9*m + 1/3*m**3 + m**2 + 0. What is a(3)?
-13
Let l(d) = -10*d - 56. Let q be (-18)/(-3)*(-55)/66. Give l(q).
-6
Let x(m) = -4*m**2 + 9*m**2 - 2*m**2 - 6*m + 15 - 2*m**3 + 2*m**2 - 12. Determine x(3).
-24
Suppose 4*o = -7*o + 737. Let w = o - 35. Let r = 39 - w. Let u(v) = v**2 - 7*v + 6. Give u(r).
6
Let g(p) = p**2 + 5*p - 2. Let w be g(-5). Let f(n) be the first derivative of -2*n**3/3 + n**2/2 - 12543. Calculate f(w).
-10
Let n = -80 - -81. Let f = n + -2. Let l be (-6)/7*(-7)/f. Let a(c) = c**2 + 8*c. Determine a(l).
-12
Suppose -12*a + 40*a = 0. Let k be (3 - 12) + 5/(a + 5). Let h(j) = j + 10. Calculate h(k).
2
Let h(l) = 2*l + 31. Let q = 4182 - 4199. Give h(q).
-3
Suppose 2*d + 210 = 7*d + 5*m, 98 = 2*d - 5*m. Let c = d + -41. Suppose -5*o - 48 = c*o. Let s(b) = b**2 + 6*b + 2. Determine s(o).